 What is the greatest common divisor of s and 72?
8
Let l(s) = 87*s. Let v be l(2). Let n = 196 - v. Suppose -5*t - z - 2*z + 993 = 0, 195 = t - 3*z. Calculate the highest common factor of t and n.
22
Let j(z) = 3*z - 36. Let t be j(20). Calculate the highest common divisor of t and 228.
12
Suppose x - 24 = -m + 8, -x + 4*m + 52 = 0. Calculate the highest common divisor of 1260 and x.
36
Let h(p) = p**3 - 2*p**2 - p. Let u be h(-1). Let q = 9 - 11. Let w be 1/u*44/q. Calculate the greatest common divisor of 88 and w.
11
Let z(x) = 3*x - 9 - 5*x + 12 + 14. Let t be z(8). Calculate the greatest common divisor of 1 and t.
1
Let f(v) = -v**2 - 14*v - 13. Let b be f(-13). Let n = b - -5. Let a be 6 + 1*(1 - 2). Calculate the highest common divisor of a and n.
5
Let k(f) = 26*f**3 + f**2 + f - 1. Let c be k(1). Suppose -4*p - 2*s = -p - 19, 0 = p - 4*s + 17. Calculate the greatest common factor of p and c.
3
Suppose 0 = -5*z - 4*c + 32, -z - 3*c = c - 16. Let l be (-3)/2 + 26/z. Let m = 18 + l. What is the greatest common divisor of m and 92?
23
Let h = -258 + 426. What is the greatest common factor of h and 2?
2
Let r(t) = 3*t**3 - t**2 - 3*t + 3. Let k be r(2). Suppose -1445 = -0*c - 17*c. Calculate the greatest common divisor of k and c.
17
Let m(r) = -20*r - 2. Suppose -17 = -6*w + 19. Let i be ((-8)/(-24))/((-2)/w). Let y be m(i). Calculate the greatest common factor of y and 54.
18
Suppose 0 = 2*a - 6*a + 28. Suppose 240 = 8*n + a*n. What is the greatest common factor of 144 and n?
16
Let f(x) = -2. Let n(q) = 44*q - 9. Let c(v) = -2*f(v) + 2*n(v). Let h be c(2). Calculate the greatest common divisor of 18 and h.
18
Let p = 23 - 5. Let t = -145 + 199. What is the highest common divisor of t and p?
18
Let w(f) = f**2 + 6*f - 2. Let c be w(4). Suppose 0 = y, -j - 30*y + 95 = -25*y. What is the highest common factor of c and j?
19
Let y(q) = -829*q - 784. Let v be y(-1). Suppose 0 = -4*g + 5*k + 45 - 14, 5*g - 46 = -k. Calculate the highest common divisor of g and v.
9
Suppose 3 - 7 = s, 2*s - 12 = -4*w. Let g = 10 + -6. Let q = -3 + g. Calculate the highest common factor of w and q.
1
Suppose 0*n = -y - n + 48, n = 2*y - 84. Suppose -6*x + y = -2*x. Calculate the highest common divisor of x and 11.
11
Let s be -7*(-2 - (-2 - -5)). Let a be (-1 - -3)/((-8)/(-64)). Let y be (-28)/6*(-24)/a. Calculate the highest common divisor of y and s.
7
Let w = -135 - -179. Let u = 90 - w. Calculate the greatest common factor of 23 and u.
23
Suppose 3*f - 65 = -2*f. Let q(j) = j**3 - 26*j**2 + 31*j - 145. Let o be q(25). Suppose -o*s + f = -32. What is the greatest common factor of 6 and s?
3
Let k = -111 - -114. Let p(b) = 3*b**3 + b**2 - 4*b + 10. Let o be p(k). Calculate the highest common factor of o and 8.
8
Suppose -5*j + 39 = 4. Let r(x) = -x - 1. Let v be r(-5). Suppose v*w = w + 147. What is the greatest common factor of w and j?
7
Let p = 199 - 103. What is the highest common divisor of p and 80?
16
Let z be -1 + 845/7 + (-2)/(-7). What is the greatest common divisor of 180 and z?
60
Let x be (7/(-14))/(1/(-10)). Let k be (x/(-1))/(2/(-18)). Let j = 77 - k. Calculate the highest common factor of 16 and j.
16
Let u(g) = 70*g + 1. Let l be u(2). Suppose l - 1 = 10*p. Calculate the highest common factor of p and 42.
14
Let n be (30/25 + 0)*(-125)/(-10). What is the greatest common factor of n and 50?
5
Let m(f) be the second derivative of 43*f**3/6 - f**2/2 - f. Let h be m(4). Let t(k) = 21*k - 107. Let g be t(6). What is the highest common divisor of h and g?
19
Let g = 578 + -191. What is the greatest common divisor of g and 172?
43
Let g(i) = -2*i + 21. Let q be g(4). Let n(c) = -c**2 + 15*c - 11. Let o be n(q). What is the highest common divisor of 6 and o?
3
Let l = -4 - -5. Let v(o) = -5*o - 27. Let q be v(-9). Let w be (q/15)/(1 + 21/(-30)). What is the greatest common factor of w and l?
1
Suppose -2*y = 2*q - 3972, 4002 = 44*y - 42*y - 4*q. What is the highest common factor of y and 11?
11
Let k(d) be the third derivative of -d**4/24 + 25*d**3/6 - 41*d**2. Let h be k(16). What is the highest common divisor of 12 and h?
3
Suppose l - b = 5, 4*l - 4*b = 7*l + 6. Suppose 8 = -4*r + 5*r. What is the highest common divisor of l and r?
2
Suppose 25 - 80 = -11*v. Calculate the greatest common divisor of 115 and v.
5
Let q(d) = -d**3 + 8*d**2 + 9*d. Let n be q(6). Calculate the greatest common divisor of n and 70.
14
Let o be 48/20 + 10/(-25). Suppose 4*z + 60 = 4*v, z + 4*z - 53 = -3*v. Calculate the greatest common divisor of o and v.
2
Let t be (-36)/(96064/12032 - (-1 + 9)). Calculate the greatest common factor of 48 and t.
48
Let d be 1 - 0 - 34/(-2). Suppose -24 = -2*f - 20. Let i = f - -124. Calculate the greatest common factor of i and d.
18
Let o = 11 - 6. Let m = o + 0. Suppose 0 = -2*n + 4*q - 2*q + 50, 2*n - m*q = 59. What is the greatest common factor of n and 198?
22
Suppose -2*l + 5*p = 7, -4*p + 0*p + 28 = -3*l. Let x = l + 28. Suppose 9 = 3*w, -4*f - 4 + 49 = -w. Calculate the highest common divisor of f and x.
12
Suppose 4*x - 161 = n, -4*x + 8*n - 4*n = -164. Suppose 0 = 5*w - 34 - 6. What is the greatest common divisor of w and x?
8
Suppose 9*g - 4*g + 165 = 0. Let y = g + 55. Suppose -23 = -c + 4*k, 4*c - 5*k = y + 26. What is the greatest common factor of c and 28?
7
Let w be ((-5)/10)/((-1)/(-68)). Let a be (-1)/10*w + (-2)/5. What is the highest common divisor of a and 3?
3
Let m = -963 - -1411. Calculate the highest common divisor of 64 and m.
64
Let v(p) = 2*p**2 - 38*p - 39. Let x be v(26). Calculate the greatest common factor of x and 25.
25
Let v be 4/22 - (-1161)/(-33). Let q be (90/v)/(3/(-14)). Suppose 17*d - 105 = q*d. What is the greatest common divisor of d and 168?
21
Let w be ((-15)/((-25)/(-5)))/(1/(-3)). Let r = -22 + 85. Calculate the greatest common divisor of w and r.
9
Suppose -56 = 7*s + s. Let r = -3 - s. Let j(y) = y**3 - 4*y**2 - 2*y + 9. Let a be j(r). Calculate the greatest common factor of a and 8.
1
Let w(t) = t**3 + t**2 - 7*t + 1. Let s be w(3). What is the greatest common factor of 104 and s?
8
Suppose 3*o - 12 = 0, -8 = k + 2*o - 6*o. Calculate the greatest common divisor of 136 and k.
8
Let p = 105 - -57. Suppose 5*g - p = 3*a + a, -6 = 2*a. What is the greatest common divisor of g and 120?
30
Suppose -114 + 78 = -6*t. Suppose 5*a - 5*d = 35, -2*d + 0*d - 10 = 0. Calculate the greatest common factor of t and a.
2
Let q = 37 + -34. Let j(l) = 3*l**2 + 3. Let i be j(2). What is the greatest common divisor of i and q?
3
Let b be (3 + -1)/(8/12). Let i be ((-1)/b)/((-9)/432). Calculate the greatest common divisor of 144 and i.
16
Suppose -4*r = -267 - 689. Let q be (-2)/(-12) + r/6. Calculate the greatest common factor of q and 5.
5
Let a(y) = y**2 + 7*y + 49. Let f be a(14). Calculate the greatest common factor of 21 and f.
7
Let o be 1/(65/15 + -4). What is the highest common factor of o and 3?
3
Let g(k) = -k**3 - 5*k**2 + 17*k + 64. Let c be g(-8). What is the highest common divisor of c and 160?
40
Let n(c) = 3*c**2 - 38*c + 23. Let q be n(13). Calculate the highest common factor of q and 225.
9
Let n = -82 + 157. Let i be ((-1)/(-3))/((-1)/6). Let a be (5 - -25)/(i/(-2)). Calculate the highest common factor of a and n.
15
Let s = -64 + 102. Suppose 40*h - 10 = s*h. Let p = 17 + -7. Calculate the highest common factor of h and p.
5
Let u be (-12)/(-3) + 12284/74. What is the greatest common divisor of u and 110?
10
Suppose -1 = -g - 2. Let c be (g - (2 - 4)) + 0. Let t be 3*(-1 + -3)*(-8)/12. What is the greatest common factor of c and t?
1
Let u = 10 + -6. Suppose -3*i + 2*i + 282 = 4*l, u*i + 3*l = 1076. Let o = i + -156. Calculate the greatest common factor of o and 10.
10
Let k be 142/8 + 4/(-64)*-4. Suppose 0 = -3*l + 4*u + k, 0 = 4*l - 4*u - 3 - 21. What is the greatest common factor of 66 and l?
6
Let f = 164 - 154. Calculate the greatest common divisor of f and 10.
10
Let f(v) be the second derivative of v**5/20 - v**4/2 - v**3/2 + 2*v**2 - 27*v. Let t be f(10). What is the greatest common divisor of t and 34?
34
Let y(k) = -3*k**2 - 28*k. Let l be y(-9). Calculate the greatest common divisor of 1 and l.
1
Let w = 794 - 762. What is the greatest common divisor of 56 and w?
8
Suppose 5